{"id":566,"date":"2017-05-03T16:31:31","date_gmt":"2017-05-03T14:31:31","guid":{"rendered":"https:\/\/nextnet.fr\/wp34b5\/?page_id=566"},"modified":"2020-05-25T11:47:54","modified_gmt":"2020-05-25T09:47:54","slug":"guide-irc-france","status":"publish","type":"page","link":"https:\/\/subvision-plongee.com\/index.php\/guide-irc-france\/","title":{"rendered":"Guide irc france"},"content":{"rendered":"<p>[et_pb_section fb_built=\u00a0\u00bb1&Prime; _builder_version=\u00a0\u00bb3.23.3&Prime;][et_pb_row _builder_version=\u00a0\u00bb3.23.3&Prime;][et_pb_column type=\u00a0\u00bb1_4&Prime; _builder_version=\u00a0\u00bb3.23.3&Prime;][et_pb_image src=\u00a0\u00bbhttps:\/\/subvision-plongee.com\/wp-content\/uploads\/2020\/05\/nextnet-agence-communication-freelance-nice-irc-france-logo-10-guide.jpg\u00a0\u00bb _builder_version=\u00a0\u00bb3.23.3&Prime;][\/et_pb_image][\/et_pb_column][et_pb_column type=\u00a0\u00bb3_4&Prime; _builder_version=\u00a0\u00bb3.23.3&Prime;][et_pb_text _builder_version=\u00a0\u00bb3.23.3&Prime;]<\/p>\n<h2>IRC France<\/h2>\n<p style=\"text-align: left;\">IRC France est magasin informatique bas\u00e9 sur Antibes et intervenant sur la r\u00e9gion Provence-Alpes-C\u00f4te d&rsquo;Azur et l&rsquo;est du Var.<\/p>\n<p>Ouverte en 2007, la soci\u00e9t\u00e9 a \u00e9tendu ses activit\u00e9s \u00e0 la cr\u00e9ation, l&rsquo;h\u00e9bergement et l&rsquo;administration de sites Internet, l&rsquo;installation et la maintenance de syst\u00e8mes d&rsquo;alarme et de vid\u00e9osurveillance, ainsi que la r\u00e9paration de t\u00e9l\u00e9phones mobiles et de tablettes. Notre mission : prendre en charge l&rsquo;ensemble de vos besoins informatiques, vous conseiller et vous assister dans l&rsquo;utilisation quotidienne de vos diff\u00e9rents outils logiciels et mat\u00e9riels et vous d\u00e9pannez en cas de probl\u00e8me.<\/p>\n<p>Le c\u0153ur de notre m\u00e9tier, l\u2019Informatique. Vous pouvez nous consulter pour une recherche de panne ainsi que sa r\u00e9solution, l\u2019achat de mat\u00e9riel qui vous ressemble, ou encore la reprise de votre ancien ordinateur.<\/p>\n<p>[\/et_pb_text][et_pb_button button_url=\u00a0\u00bbhttps:\/\/ircfrance.fr\/\u00a0\u00bb button_text=\u00a0\u00bbAller sur le site\u00a0\u00bb _builder_version=\u00a0\u00bb3.23.3&Prime;][\/et_pb_button][\/et_pb_column][\/et_pb_row][\/et_pb_section]<\/p>\n","protected":false},"excerpt":{"rendered":"<p>[et_pb_section fb_built=\u00a0\u00bb1&Prime; _builder_version=\u00a0\u00bb3.23.3&Prime;][et_pb_row _builder_version=\u00a0\u00bb3.23.3&Prime;][et_pb_column type=\u00a0\u00bb1_4&Prime; _builder_version=\u00a0\u00bb3.23.3&Prime;][et_pb_image src=\u00a0\u00bbhttps:\/\/subvision-plongee.com\/wp-content\/uploads\/2020\/05\/nextnet-agence-communication-freelance-nice-irc-france-logo-10-guide.jpg\u00a0\u00bb _builder_version=\u00a0\u00bb3.23.3&Prime;][\/et_pb_image][\/et_pb_column][et_pb_column type=\u00a0\u00bb3_4&Prime; _builder_version=\u00a0\u00bb3.23.3&Prime;][et_pb_text _builder_version=\u00a0\u00bb3.23.3&Prime;] IRC France IRC France est magasin informatique bas\u00e9 sur Antibes et intervenant sur la r\u00e9gion Provence-Alpes-C\u00f4te d&rsquo;Azur et l&rsquo;est du Var. Ouverte en 2007, la soci\u00e9t\u00e9 a \u00e9tendu ses activit\u00e9s \u00e0 la cr\u00e9ation, l&rsquo;h\u00e9bergement et l&rsquo;administration de sites Internet, l&rsquo;installation et la maintenance de [&hellip;]<\/p>\n","protected":false},"author":2,"featured_media":0,"parent":0,"menu_order":0,"comment_status":"closed","ping_status":"closed","template":"","meta":{"_et_pb_use_builder":"on","_et_pb_old_content":"","footnotes":""},"class_list":["post-566","page","type-page","status-publish","hentry"],"_links":{"self":[{"href":"https:\/\/subvision-plongee.com\/index.php\/wp-json\/wp\/v2\/pages\/566","targetHints":{"allow":["GET"]}}],"collection":[{"href":"https:\/\/subvision-plongee.com\/index.php\/wp-json\/wp\/v2\/pages"}],"about":[{"href":"https:\/\/subvision-plongee.com\/index.php\/wp-json\/wp\/v2\/types\/page"}],"author":[{"embeddable":true,"href":"https:\/\/subvision-plongee.com\/index.php\/wp-json\/wp\/v2\/users\/2"}],"replies":[{"embeddable":true,"href":"https:\/\/subvision-plongee.com\/index.php\/wp-json\/wp\/v2\/comments?post=566"}],"version-history":[{"count":2,"href":"https:\/\/subvision-plongee.com\/index.php\/wp-json\/wp\/v2\/pages\/566\/revisions"}],"predecessor-version":[{"id":597,"href":"https:\/\/subvision-plongee.com\/index.php\/wp-json\/wp\/v2\/pages\/566\/revisions\/597"}],"wp:attachment":[{"href":"https:\/\/subvision-plongee.com\/index.php\/wp-json\/wp\/v2\/media?parent=566"}],"curies":[{"name":"wp","href":"https:\/\/api.w.org\/{rel}","templated":true}]}}