{"id":558,"date":"2017-05-03T16:31:02","date_gmt":"2017-05-03T14:31:02","guid":{"rendered":"https:\/\/nextnet.fr\/wp34b5\/?page_id=558"},"modified":"2020-05-25T11:47:20","modified_gmt":"2020-05-25T09:47:20","slug":"guide-cleverland","status":"publish","type":"page","link":"https:\/\/subvision-plongee.com\/index.php\/guide-cleverland\/","title":{"rendered":"Guide cleverland"},"content":{"rendered":"<p>[et_pb_section fb_built=\u00a0\u00bb1&Prime; _builder_version=\u00a0\u00bb3.23.3&Prime;][et_pb_row _builder_version=\u00a0\u00bb3.23.3&Prime;][et_pb_column type=\u00a0\u00bb1_4&Prime; _builder_version=\u00a0\u00bb3.23.3&Prime;][et_pb_image src=\u00a0\u00bbhttps:\/\/subvision-plongee.com\/wp-content\/uploads\/2020\/05\/nextnet-agence-communication-freelance-nice-domaine-cleverland-mockup-1-guide.jpg\u00a0\u00bb _builder_version=\u00a0\u00bb3.23.3&Prime;][\/et_pb_image][\/et_pb_column][et_pb_column type=\u00a0\u00bb3_4&Prime; _builder_version=\u00a0\u00bb3.23.3&Prime;][et_pb_text _builder_version=\u00a0\u00bb3.23.3&Prime;]<\/p>\n<h2>Domaine de Cleverland<\/h2>\n<p style=\"text-align: left;\">La Commanderie de Bellet se trouve sur les collines de Nice, \u00e0 moins de 15 minutes de la baie des anges, en plein coeur des vignobles de Bellet, dans le calme et la s\u00e9r\u00e9nit\u00e9, loin de toute agitation, en toute discr\u00e9tion.<\/p>\n<p>Dominant plein sud, avec une vue panoramique depuis le Baou de Saint Jeannet, l\u2019Esterel jusqu\u2019au Cap d\u2019Antibes et le phare de la Garoupe, \u00ab La Commanderie \u00bb,se trouve \u00e0 150m \u00e0 vol d\u2019oiseau, de la tour de guet, dite \u00ab sarrasine \u00bb, construite par l\u2019Ordre des Templiers.<\/p>\n<p>La Commanderie de Bellet d\u2019un style \u00e9pur\u00e9, a\u00e9r\u00e9 et chic, con\u00e7u pour r\u00e9pondre \u00e0 toutes les exigences priv\u00e9es ou professionnelles, les espaces int\u00e9rieurs et ext\u00e9rieurs s\u2019adaptent en fonction de vos besoins :<\/p>\n<p>cocktails ap\u00e9ritifs ou d\u00eenatoires, d\u00eeners de gala, d\u00eeners d\u2019affaires, r\u00e9ceptions, soir\u00e9es priv\u00e9es, r\u00e9unions\u2026 o\u00f9 tout est mis en \u0153uvre pour votre satisfaction et celle de vos invit\u00e9s.<\/p>\n<p>[\/et_pb_text][et_pb_button button_url=\u00a0\u00bbhttps:\/\/domainedecleverland.com\/\u00a0\u00bb button_text=\u00a0\u00bbAller sur le site\u00a0\u00bb _builder_version=\u00a0\u00bb3.23.3&Prime;][\/et_pb_button][\/et_pb_column][\/et_pb_row][\/et_pb_section]<\/p>\n","protected":false},"excerpt":{"rendered":"<p>[et_pb_section fb_built=\u00a0\u00bb1&Prime; _builder_version=\u00a0\u00bb3.23.3&Prime;][et_pb_row _builder_version=\u00a0\u00bb3.23.3&Prime;][et_pb_column type=\u00a0\u00bb1_4&Prime; _builder_version=\u00a0\u00bb3.23.3&Prime;][et_pb_image src=\u00a0\u00bbhttps:\/\/subvision-plongee.com\/wp-content\/uploads\/2020\/05\/nextnet-agence-communication-freelance-nice-domaine-cleverland-mockup-1-guide.jpg\u00a0\u00bb _builder_version=\u00a0\u00bb3.23.3&Prime;][\/et_pb_image][\/et_pb_column][et_pb_column type=\u00a0\u00bb3_4&Prime; _builder_version=\u00a0\u00bb3.23.3&Prime;][et_pb_text _builder_version=\u00a0\u00bb3.23.3&Prime;] Domaine de Cleverland La Commanderie de Bellet se trouve sur les collines de Nice, \u00e0 moins de 15 minutes de la baie des anges, en plein coeur des vignobles de Bellet, dans le calme et la s\u00e9r\u00e9nit\u00e9, loin de toute agitation, en toute discr\u00e9tion. [&hellip;]<\/p>\n","protected":false},"author":2,"featured_media":0,"parent":0,"menu_order":0,"comment_status":"closed","ping_status":"closed","template":"","meta":{"_et_pb_use_builder":"on","_et_pb_old_content":"","footnotes":""},"class_list":["post-558","page","type-page","status-publish","hentry"],"_links":{"self":[{"href":"https:\/\/subvision-plongee.com\/index.php\/wp-json\/wp\/v2\/pages\/558","targetHints":{"allow":["GET"]}}],"collection":[{"href":"https:\/\/subvision-plongee.com\/index.php\/wp-json\/wp\/v2\/pages"}],"about":[{"href":"https:\/\/subvision-plongee.com\/index.php\/wp-json\/wp\/v2\/types\/page"}],"author":[{"embeddable":true,"href":"https:\/\/subvision-plongee.com\/index.php\/wp-json\/wp\/v2\/users\/2"}],"replies":[{"embeddable":true,"href":"https:\/\/subvision-plongee.com\/index.php\/wp-json\/wp\/v2\/comments?post=558"}],"version-history":[{"count":2,"href":"https:\/\/subvision-plongee.com\/index.php\/wp-json\/wp\/v2\/pages\/558\/revisions"}],"predecessor-version":[{"id":611,"href":"https:\/\/subvision-plongee.com\/index.php\/wp-json\/wp\/v2\/pages\/558\/revisions\/611"}],"wp:attachment":[{"href":"https:\/\/subvision-plongee.com\/index.php\/wp-json\/wp\/v2\/media?parent=558"}],"curies":[{"name":"wp","href":"https:\/\/api.w.org\/{rel}","templated":true}]}}